divided by 245356?
3
What is the remainder when 2470315 is divided by 188?
183
Calculate the remainder when 14706 is divided by 4385.
1551
What is the remainder when 2487 is divided by 30?
27
What is the remainder when 86090 is divided by 32?
10
What is the remainder when 12866 is divided by 46?
32
What is the remainder when 26677 is divided by 686?
609
What is the remainder when 23062 is divided by 15?
7
What is the remainder when 20396 is divided by 10195?
6
What is the remainder when 66176 is divided by 21?
5
What is the remainder when 3935 is divided by 654?
11
Calculate the remainder when 129356 is divided by 129345.
11
What is the remainder when 20832 is divided by 106?
56
Calculate the remainder when 19309 is divided by 30.
19
What is the remainder when 6262 is divided by 291?
151
Calculate the remainder when 2195 is divided by 1383.
812
Calculate the remainder when 27055 is divided by 26.
15
Calculate the remainder when 10640 is divided by 888.
872
Calculate the remainder when 922515 is divided by 14.
13
Calculate the remainder when 529378 is divided by 170.
168
What is the remainder when 2622481 is divided by 59?
49
Calculate the remainder when 40942 is divided by 178.
2
What is the remainder when 523 is divided by 464?
59
Calculate the remainder when 61942 is divided by 436.
30
What is the remainder when 133233 is divided by 1850?
33
What is the remainder when 398738 is divided by 63?
11
What is the remainder when 1124 is divided by 289?
257
Calculate the remainder when 23755979 is divided by 1238.
1235
Calculate the remainder when 7217 is divided by 35.
7
Calculate the remainder when 9278 is divided by 402.
32
What is the remainder when 16203 is divided by 9?
3
What is the remainder when 69902 is divided by 197?
164
Calculate the remainder when 2548 is divided by 859.
830
What is the remainder when 41005 is divided by 71?
38
What is the remainder when 228470 is divided by 67?
0
What is the remainder when 1160 is divided by 583?
577
Calculate the remainder when 3409178 is divided by 522.
518
Calculate the remainder when 141313 is divided by 98.
95
Calculate the remainder when 826757 is divided by 493.
489
Calculate the remainder when 55640 is divided by 32.
24
What is the remainder when 82240 is divided by 212?
196
Calculate the remainder when 849 is divided by 770.
79
What is the remainder when 20461 is divided by 76?
17
Calculate the remainder when 3056 is divided by 138.
20
What is the remainder when 26638 is divided by 26592?
46
What is the remainder when 50018 is divided by 443?
402
What is the remainder when 9659 is divided by 136?
3
Calculate the remainder when 41020 is divided by 159.
157
What is the remainder when 61150 is divided by 223?
48
What is the remainder when 144306 is divided by 59?
51
What is the remainder when 619422 is divided by 68824?
6
What is the remainder when 1922 is divided by 195?
167
What is the remainder when 41857 is divided by 70?
67
What is the remainder when 223186 is divided by 107?
91
What is the remainder when 2402 is divided by 509?
366
Calculate the remainder when 1775 is divided by 835.
105
Calculate the remainder when 465 is divided by 369.
96
Calculate the remainder when 880 is divided by 195.
100
Calculate the remainder when 3231 is divided by 30.
21
What is the remainder when 16565 is divided by 3309?
20
What is the remainder when 647 is divided by 459?
188
What is the remainder when 924747 is divided by 1570?
17
Calculate the remainder when 152360 is divided by 9.
8
What is the remainder when 13893 is divided by 9?
6
What is the remainder when 18782 is divided by 200?
182
Calculate the remainder when 128163 is divided by 35.
28
What is the remainder when 67779 is divided by 54?
9
Calculate the remainder when 1510 is divided by 39.
28
Calculate the remainder when 24282 is divided by 3953.
564
What is the remainder when 1295823 is divided by 25?
23
What is the remainder when 4529 is divided by 1499?
32
What is the remainder when 3433 is divided by 387?
337
What is the remainder when 544 is divided by 59?
13
Calculate the remainder when 54314 is divided by 54164.
150
What is the remainder when 24365 is divided by 210?
5
What is the remainder when 14754 is divided by 23?
11
Calculate the remainder when 23536 is divided by 1953.
100
What is the remainder when 214805 is divided by 1442?
1389
Calculate the remainder when 4984 is divided by 1629.
97
Calculate the remainder when 2033 is divided by 184.
9
Calculate the remainder when 23806 is divided by 96.
94
Calculate the remainder when 75389 is divided by 65.
54
Calculate the remainder when 2645 is divided by 1295.
55
What is the remainder when 3240 is divided by 1064?
48
What is the remainder when 7940 is divided by 2425?
665
Calculate the remainder when 192868 is divided by 467.
464
Calculate the remainder when 169428 is divided by 429.
402
What is the remainder when 343777 is divided by 52?
5
Calculate the remainder when 76439 is divided by 3639.
20
Calculate the remainder when 422426 is divided by 12.
2
Calculate the remainder when 111968 is divided by 297.
296
Calculate the remainder when 13858 is divided by 46.
12
What is the remainder when 45934 is divided by 52?
18
What is the remainder when 21269 is divided by 10633?
3
What is the remainder when 5529 is divided by 1836?
21
What is the remainder when 3037 is divided by 1009?
10
Calculate the remainder when 17219 is divided by 273.
20
Calculate the remainder when 8070 is divided by 1139.
97
Calculate the remainder when 20635 is divided by 712.
699
Calculate the remainder when 7283 is divided by 68.
7
What is the remainder when 1347012 is divided by 1335?
1332
What is the remainder when 139974 is divided by 69985?
4
What is the remainder when 7235 is divided by 798?
53
Calculate the remainder when 1618 is divided by 692.
234
Calculate the remainder when 295859 is divided by 126.
11
Calculate the remainder when 97086 is divided by 260.
106
Calculate the remainder when 86077 is divided by 335.
317
What is the remainder when 6808 is divided by 2259?
31
Calculate the remainder when 7086243 is divided by 121.
120
What is the remainder when 165920 is divided by 136?
0
Calculate the remainder when 59258 is divided by 56.
10
Calculate the remainder when 211107 is divided by 19.
17
Calculate the remainder when 529726 is divided by 27.
13
What is the remainder when 80701 is divided by 52?
49
What is the remainder when 201766 is divided by 28?
26
Calculate the remainder when 9556 is divided by 636.
16
Calculate the remainder when 50780 is divided by 4978.
1000
What is the remainder when 197773 is divided by 61?
11
What is the remainder when 1446 is divided by 326?
142
Calculate the remainder when 86735 is divided by 10841.
7
Calculate the remainder when 46685 is divided by 32.
29
What is the remainder when 139749 is divided by 9312?
69
What is the remainder when 6089 is divided by 47?
26
What is the remainder when 133629 is divided by 161?
160
Calculate the remainder when 67646 is divided by 405.
11
Calculate the remainder when 21883 is divided by 296.
275
Calculate the remainder when 7655 is divided by 125.
30
Calculate the remainder when 28100 is divided by 28088.
12
What is the remainder when 27981 is divided by 9239?
264
Calculate the remainder when 339 is divided by 170.
169
Calculate the remainder when 2142 is divided by 705.
27
What is the remainder when 2320871 is divided by 36?
23
Calculate the remainder when 3621529 is divided by 242.
241
Calculate the remainder when 58553 is divided by 395.
93
What is the remainder when 4526 is divided by 70?
46
What is the remainder when 120296 is divided by 1909?
29
What is the remainder when 24538 is divided by 30?
28
What is the remainder when 3132 is divided by 772?
44
What is the remainder when 32586 is divided by 570?
96
Calculate the remainder when 2523 is divided by 2500.
23
What is the remainder when 153553 is divided by 13958?
15
Calculate the remainder when 3206 is divided by 329.
245
Calculate the remainder when 685 is divided by 205.
70
Calculate the remainder when 944954 is divided by 13.
10
What is the remainder when 871849 is divided by 62274?
13
What is the remainder when 37647 is divided by 219?
198
Calculate the remainder when 475